{"id":43,"date":"2016-08-10T12:56:58","date_gmt":"2016-08-10T11:56:58","guid":{"rendered":"http:\/\/okaeri-anatanosewa.com\/wordpress\/?page_id=43"},"modified":"2024-10-03T20:33:39","modified_gmt":"2024-10-03T19:33:39","slug":"informations-massages-remises","status":"publish","type":"page","link":"https:\/\/okaeri-anatanosewa.com\/wordpress\/informations-massages-remises\/","title":{"rendered":"Informations"},"content":{"rendered":"<p style=\"text-align: justify;\"><span style=\"color: #4b0000;\"><strong>Les massages propos\u00e9s n\u2019ont pas pour but d\u2019\u00e9tablir un diagnostic ou de modifier un traitement m\u00e9dical. Il ne s&rsquo;agit nullement de kin\u00e9sith\u00e9rapie, mais de techniques de bien-\u00eatre par la relaxation physique et la d\u00e9tente lib\u00e9ratrice de stress.<\/strong><\/span><\/p>\n<p style=\"text-align: justify;\"><span style=\"color: #4b0000;\"><strong>Attention<\/strong> :\u00a0Pour tous ces massages, il est d\u00e9conseill\u00e9 de venir se faire masser en cas de grossesse, de fi\u00e8vre, d\u2019affaiblissement grave de l\u2019organisme ou de vomissements. Le massage vous sera refus\u00e9 si vous avez une maladie de peau, une maladie virale ou bact\u00e9rienne, une faiblesse osseuse importante ou un cancer.<\/span><\/p>\n<p style=\"text-align: justify;\"><span style=\"color: #4b0000;\">Cependant certains massages peuvent \u00eatre r\u00e9alis\u00e9s sur les femmes enceintes de plus de 4 mois et sur certaines pathologies avec certificat m\u00e9dical. Pour cela n&rsquo;h\u00e9sitez \u00e0 vous renseigner.<\/span><\/p>\n<p style=\"text-align: justify;\"><span style=\"color: #4b0000;\"><strong>TOUS LES MASSAGES PROPOSES SE FONT HABILLE<\/strong><\/span><\/p>\n<p style=\"text-align: justify;\"><span style=\"color: #4b0000;\"><strong>TENUE DE L&rsquo;INVITE\u00a0: <\/strong>V\u00eatements souples et confortables l\u00e9g\u00e8rement d\u00e9collet\u00e9s, Cheveux d\u00e9tach\u00e9s, Sans soutien-gorge, Sans chaussure, Sans ceinture, Sans cravate, Sans bijou. (montre, bracelet, bague, boucles d\u2019oreilles, collier, pendentif, chaine, percing\u2026)<\/span><\/p>\n<p style=\"text-align: justify;\"><span style=\"color: #4b0000;\"><strong>Les r\u00e8glements se font principalement en ch\u00e8que et esp\u00e8ces.<\/strong><\/span><\/p>\n<p><strong><span style=\"color: #4b0000;\">Lors du 1er rendez, b\u00e9n\u00e9ficier pour un prochain massage au choix de -7% <\/span><\/strong><span style=\"color: #4b0000;\">(non cumulable avec une autre promotion)<br \/>\n<\/span><\/p>\n<p style=\"text-align: justify;\"><span style=\"color: #4b0000;\"><strong>CARTE DE FIDELITE :<\/strong><\/span><\/p>\n<p style=\"text-align: justify;\"><span style=\"color: #4b0000;\">La carte de fid\u00e9lit\u00e9 vous donne droit \u00e0 -10% sur le 10\u00e8me massage de votre choix.<br \/>\n<\/span><\/p>\n<p style=\"text-align: justify;\"><span style=\"color: #4b0000;\"><strong>BONS CADEAUX\u00a0:<\/strong><\/span><\/p>\n<p style=\"text-align: justify;\"><span style=\"color: #4b0000;\">Pour faire plaisir \u00e0 vos proches pensez aux bons cadeaux. Ceux-ci peuvent \u00eatre retir\u00e9s au salon sur rendez-vous.<\/span><\/p>\n<p style=\"text-align: justify;\"><span style=\"color: #4b0000;\"><strong>OKAERI<\/strong> est une structure s\u00e9rieuse, les massages propos\u00e9s n\u2019ont aucun caract\u00e8re sexuel. Pour tous ceux qui recherchent un plaisir personnel merci de s\u2019abstenir.<\/span><\/p>\n<p style=\"text-align: justify;\"><span style=\"color: #4b0000;\">Suivez mes actualit\u00e9s sur Google pour b\u00e9n\u00e9ficier de remises.<\/span><\/p>\n","protected":false},"excerpt":{"rendered":"<p>Les massages propos\u00e9s n\u2019ont pas pour but d\u2019\u00e9tablir un diagnostic ou de modifier un traitement m\u00e9dical. Il ne s&rsquo;agit nullement de kin\u00e9sith\u00e9rapie, mais de techniques de bien-\u00eatre par la relaxation physique et la d\u00e9tente lib\u00e9ratrice de stress. Attention :\u00a0Pour tous ces massages, il est d\u00e9conseill\u00e9 de venir se faire masser en cas de grossesse, de [&hellip;]<\/p>\n","protected":false},"author":1,"featured_media":0,"parent":0,"menu_order":2,"comment_status":"closed","ping_status":"closed","template":"","meta":{"om_disable_all_campaigns":false,"_monsterinsights_skip_tracking":false,"_monsterinsights_sitenote_active":false,"_monsterinsights_sitenote_note":"","_monsterinsights_sitenote_category":0,"footnotes":""},"class_list":["post-43","page","type-page","status-publish","hentry"],"yoast_head":"<!-- This site is optimized with the Yoast SEO plugin v27.5 - https:\/\/yoast.com\/product\/yoast-seo-wordpress\/ -->\n<title>Informations massages et remises<\/title>\n<meta name=\"description\" content=\"massages, remises, bon cadeaux, carte fid\u00e9lit\u00e9, tenue, r\u00e8glement, s\u00e9curit\u00e9, hygi\u00e8ne, informations,\" \/>\n<meta name=\"robots\" content=\"index, follow, max-snippet:-1, max-image-preview:large, max-video-preview:-1\" \/>\n<link rel=\"canonical\" href=\"https:\/\/okaeri-anatanosewa.com\/wordpress\/informations-massages-remises\/\" \/>\n<meta property=\"og:locale\" content=\"fr_FR\" \/>\n<meta property=\"og:type\" content=\"article\" \/>\n<meta property=\"og:title\" content=\"Informations massages et remises\" \/>\n<meta property=\"og:description\" content=\"massages, remises, bon cadeaux, carte fid\u00e9lit\u00e9, tenue, r\u00e8glement, s\u00e9curit\u00e9, hygi\u00e8ne, informations,\" \/>\n<meta property=\"og:url\" content=\"https:\/\/okaeri-anatanosewa.com\/wordpress\/informations-massages-remises\/\" \/>\n<meta property=\"og:site_name\" content=\"Okaeri Anata No Sewa\" \/>\n<meta property=\"article:publisher\" content=\"https:\/\/www.facebook.com\/okaeri.anatanosewa\/?ref=bookmarks\" \/>\n<meta property=\"article:modified_time\" content=\"2024-10-03T19:33:39+00:00\" \/>\n<meta name=\"twitter:label1\" content=\"Dur\u00e9e de lecture estim\u00e9e\" \/>\n\t<meta name=\"twitter:data1\" content=\"2 minutes\" \/>\n<script type=\"application\/ld+json\" class=\"yoast-schema-graph\">{\"@context\":\"https:\\\/\\\/schema.org\",\"@graph\":[{\"@type\":\"WebPage\",\"@id\":\"https:\\\/\\\/okaeri-anatanosewa.com\\\/wordpress\\\/informations-massages-remises\\\/\",\"url\":\"https:\\\/\\\/okaeri-anatanosewa.com\\\/wordpress\\\/informations-massages-remises\\\/\",\"name\":\"Informations massages et remises\",\"isPartOf\":{\"@id\":\"https:\\\/\\\/okaeri-anatanosewa.com\\\/wordpress\\\/#website\"},\"datePublished\":\"2016-08-10T11:56:58+00:00\",\"dateModified\":\"2024-10-03T19:33:39+00:00\",\"description\":\"massages, remises, bon cadeaux, carte fid\u00e9lit\u00e9, tenue, r\u00e8glement, s\u00e9curit\u00e9, hygi\u00e8ne, informations,\",\"breadcrumb\":{\"@id\":\"https:\\\/\\\/okaeri-anatanosewa.com\\\/wordpress\\\/informations-massages-remises\\\/#breadcrumb\"},\"inLanguage\":\"fr-FR\",\"potentialAction\":[{\"@type\":\"ReadAction\",\"target\":[\"https:\\\/\\\/okaeri-anatanosewa.com\\\/wordpress\\\/informations-massages-remises\\\/\"]}]},{\"@type\":\"BreadcrumbList\",\"@id\":\"https:\\\/\\\/okaeri-anatanosewa.com\\\/wordpress\\\/informations-massages-remises\\\/#breadcrumb\",\"itemListElement\":[{\"@type\":\"ListItem\",\"position\":1,\"name\":\"Accueil\",\"item\":\"https:\\\/\\\/okaeri-anatanosewa.com\\\/wordpress\\\/\"},{\"@type\":\"ListItem\",\"position\":2,\"name\":\"Informations\"}]},{\"@type\":\"WebSite\",\"@id\":\"https:\\\/\\\/okaeri-anatanosewa.com\\\/wordpress\\\/#website\",\"url\":\"https:\\\/\\\/okaeri-anatanosewa.com\\\/wordpress\\\/\",\"name\":\"Okaeri Anata No Sewa\",\"description\":\"prendre soin de vous !\",\"publisher\":{\"@id\":\"https:\\\/\\\/okaeri-anatanosewa.com\\\/wordpress\\\/#organization\"},\"potentialAction\":[{\"@type\":\"SearchAction\",\"target\":{\"@type\":\"EntryPoint\",\"urlTemplate\":\"https:\\\/\\\/okaeri-anatanosewa.com\\\/wordpress\\\/?s={search_term_string}\"},\"query-input\":{\"@type\":\"PropertyValueSpecification\",\"valueRequired\":true,\"valueName\":\"search_term_string\"}}],\"inLanguage\":\"fr-FR\"},{\"@type\":\"Organization\",\"@id\":\"https:\\\/\\\/okaeri-anatanosewa.com\\\/wordpress\\\/#organization\",\"name\":\"OKAERI\",\"url\":\"https:\\\/\\\/okaeri-anatanosewa.com\\\/wordpress\\\/\",\"logo\":{\"@type\":\"ImageObject\",\"inLanguage\":\"fr-FR\",\"@id\":\"https:\\\/\\\/okaeri-anatanosewa.com\\\/wordpress\\\/#\\\/schema\\\/logo\\\/image\\\/\",\"url\":\"https:\\\/\\\/okaeri-anatanosewa.com\\\/wordpress\\\/wp-content\\\/uploads\\\/2018\\\/02\\\/okaeri.jpg\",\"contentUrl\":\"https:\\\/\\\/okaeri-anatanosewa.com\\\/wordpress\\\/wp-content\\\/uploads\\\/2018\\\/02\\\/okaeri.jpg\",\"width\":675,\"height\":533,\"caption\":\"OKAERI\"},\"image\":{\"@id\":\"https:\\\/\\\/okaeri-anatanosewa.com\\\/wordpress\\\/#\\\/schema\\\/logo\\\/image\\\/\"},\"sameAs\":[\"https:\\\/\\\/www.facebook.com\\\/okaeri.anatanosewa\\\/?ref=bookmarks\",\"https:\\\/\\\/www.youtube.com\\\/channel\\\/UC0zG9PzyLrQvzxWtyFoHbPg?view_as=subscriber\"]}]}<\/script>\n<!-- \/ Yoast SEO plugin. -->","yoast_head_json":{"title":"Informations massages et remises","description":"massages, remises, bon cadeaux, carte fid\u00e9lit\u00e9, tenue, r\u00e8glement, s\u00e9curit\u00e9, hygi\u00e8ne, informations,","robots":{"index":"index","follow":"follow","max-snippet":"max-snippet:-1","max-image-preview":"max-image-preview:large","max-video-preview":"max-video-preview:-1"},"canonical":"https:\/\/okaeri-anatanosewa.com\/wordpress\/informations-massages-remises\/","og_locale":"fr_FR","og_type":"article","og_title":"Informations massages et remises","og_description":"massages, remises, bon cadeaux, carte fid\u00e9lit\u00e9, tenue, r\u00e8glement, s\u00e9curit\u00e9, hygi\u00e8ne, informations,","og_url":"https:\/\/okaeri-anatanosewa.com\/wordpress\/informations-massages-remises\/","og_site_name":"Okaeri Anata No Sewa","article_publisher":"https:\/\/www.facebook.com\/okaeri.anatanosewa\/?ref=bookmarks","article_modified_time":"2024-10-03T19:33:39+00:00","twitter_misc":{"Dur\u00e9e de lecture estim\u00e9e":"2 minutes"},"schema":{"@context":"https:\/\/schema.org","@graph":[{"@type":"WebPage","@id":"https:\/\/okaeri-anatanosewa.com\/wordpress\/informations-massages-remises\/","url":"https:\/\/okaeri-anatanosewa.com\/wordpress\/informations-massages-remises\/","name":"Informations massages et remises","isPartOf":{"@id":"https:\/\/okaeri-anatanosewa.com\/wordpress\/#website"},"datePublished":"2016-08-10T11:56:58+00:00","dateModified":"2024-10-03T19:33:39+00:00","description":"massages, remises, bon cadeaux, carte fid\u00e9lit\u00e9, tenue, r\u00e8glement, s\u00e9curit\u00e9, hygi\u00e8ne, informations,","breadcrumb":{"@id":"https:\/\/okaeri-anatanosewa.com\/wordpress\/informations-massages-remises\/#breadcrumb"},"inLanguage":"fr-FR","potentialAction":[{"@type":"ReadAction","target":["https:\/\/okaeri-anatanosewa.com\/wordpress\/informations-massages-remises\/"]}]},{"@type":"BreadcrumbList","@id":"https:\/\/okaeri-anatanosewa.com\/wordpress\/informations-massages-remises\/#breadcrumb","itemListElement":[{"@type":"ListItem","position":1,"name":"Accueil","item":"https:\/\/okaeri-anatanosewa.com\/wordpress\/"},{"@type":"ListItem","position":2,"name":"Informations"}]},{"@type":"WebSite","@id":"https:\/\/okaeri-anatanosewa.com\/wordpress\/#website","url":"https:\/\/okaeri-anatanosewa.com\/wordpress\/","name":"Okaeri Anata No Sewa","description":"prendre soin de vous !","publisher":{"@id":"https:\/\/okaeri-anatanosewa.com\/wordpress\/#organization"},"potentialAction":[{"@type":"SearchAction","target":{"@type":"EntryPoint","urlTemplate":"https:\/\/okaeri-anatanosewa.com\/wordpress\/?s={search_term_string}"},"query-input":{"@type":"PropertyValueSpecification","valueRequired":true,"valueName":"search_term_string"}}],"inLanguage":"fr-FR"},{"@type":"Organization","@id":"https:\/\/okaeri-anatanosewa.com\/wordpress\/#organization","name":"OKAERI","url":"https:\/\/okaeri-anatanosewa.com\/wordpress\/","logo":{"@type":"ImageObject","inLanguage":"fr-FR","@id":"https:\/\/okaeri-anatanosewa.com\/wordpress\/#\/schema\/logo\/image\/","url":"https:\/\/okaeri-anatanosewa.com\/wordpress\/wp-content\/uploads\/2018\/02\/okaeri.jpg","contentUrl":"https:\/\/okaeri-anatanosewa.com\/wordpress\/wp-content\/uploads\/2018\/02\/okaeri.jpg","width":675,"height":533,"caption":"OKAERI"},"image":{"@id":"https:\/\/okaeri-anatanosewa.com\/wordpress\/#\/schema\/logo\/image\/"},"sameAs":["https:\/\/www.facebook.com\/okaeri.anatanosewa\/?ref=bookmarks","https:\/\/www.youtube.com\/channel\/UC0zG9PzyLrQvzxWtyFoHbPg?view_as=subscriber"]}]}},"_links":{"self":[{"href":"https:\/\/okaeri-anatanosewa.com\/wordpress\/wp-json\/wp\/v2\/pages\/43","targetHints":{"allow":["GET"]}}],"collection":[{"href":"https:\/\/okaeri-anatanosewa.com\/wordpress\/wp-json\/wp\/v2\/pages"}],"about":[{"href":"https:\/\/okaeri-anatanosewa.com\/wordpress\/wp-json\/wp\/v2\/types\/page"}],"author":[{"embeddable":true,"href":"https:\/\/okaeri-anatanosewa.com\/wordpress\/wp-json\/wp\/v2\/users\/1"}],"replies":[{"embeddable":true,"href":"https:\/\/okaeri-anatanosewa.com\/wordpress\/wp-json\/wp\/v2\/comments?post=43"}],"version-history":[{"count":17,"href":"https:\/\/okaeri-anatanosewa.com\/wordpress\/wp-json\/wp\/v2\/pages\/43\/revisions"}],"predecessor-version":[{"id":599,"href":"https:\/\/okaeri-anatanosewa.com\/wordpress\/wp-json\/wp\/v2\/pages\/43\/revisions\/599"}],"wp:attachment":[{"href":"https:\/\/okaeri-anatanosewa.com\/wordpress\/wp-json\/wp\/v2\/media?parent=43"}],"curies":[{"name":"wp","href":"https:\/\/api.w.org\/{rel}","templated":true}]}}